{"id":1062,"date":"2019-04-06T11:55:33","date_gmt":"2019-04-06T16:55:33","guid":{"rendered":"http:\/\/www.transformation.ca\/notes\/?page_id=1062"},"modified":"2019-05-23T11:33:41","modified_gmt":"2019-05-23T16:33:41","slug":"choux-de-bruxelles-balsamiques","status":"publish","type":"page","link":"https:\/\/www.transformation.ca\/notes\/choux-de-bruxelles-balsamiques\/","title":{"rendered":"Choux de Bruxelles balsamiques"},"content":{"rendered":"<p>Ingr\u00e9dients<span class=\"Apple-converted-space\">\u00a0\u00a0<\/span>Portions: 6<span class=\"Apple-converted-space\">\u00a0<\/span><\/p>\n<ul>\n<li>1 \u00bd lb de choux de Bruxelles, par\u00e9s<\/li>\n<li>2 c. \u00e0 soupe d\u2019huile d\u2019olive<\/li>\n<li>1 oignon, tranch\u00e9 finement<\/li>\n<li>2 gousses d\u2019ail hach\u00e9es<\/li>\n<li>1\/4 tasse de vinaigre balsamique<\/li>\n<li>2 c. \u00e0 soupe beurre<\/li>\n<li>1 c. \u00e0 th\u00e9 de sel<\/li>\n<li>1\/2 c. \u00e0 th\u00e9 de poivre noir moulu<\/li>\n<li>1\/2 c. \u00e0 th\u00e9 de poudre d\u2019ail<\/li>\n<\/ul>\n<p>Je n\u2019avais jamais aim\u00e9 les choux de Bruxelles jusqu\u2019au jour o\u00f9 ma m\u00e8re m\u2019a servi ce plat. C\u2019est depuis un de mes plats d\u2019accompagnement favoris.<\/p>\n<p><b>\u00c9tapes de pr\u00e9paration<\/b><\/p>\n<p>Pr\u00e9paration : 10min<span class=\"Apple-converted-space\">\u00a0 <\/span>\u203a<span class=\"Apple-converted-space\">\u00a0 <\/span>Cuisson : 15min<span class=\"Apple-converted-space\">\u00a0 <\/span>\u203a<span class=\"Apple-converted-space\">\u00a0 <\/span>Pr\u00eat en : 25min<span class=\"Apple-converted-space\">\u00a0<\/span><\/p>\n<p><img loading=\"lazy\" decoding=\"async\" class=\"alignleft wp-image-1063 size-medium\" src=\"http:\/\/www.transformation.ca\/notes\/wp-content\/uploads\/59BFB2E2-88DF-4402-A3AD-622AAA5BE98A-273x300.jpg\" alt=\"\" width=\"273\" height=\"300\" srcset=\"https:\/\/www.transformation.ca\/notes\/wp-content\/uploads\/59BFB2E2-88DF-4402-A3AD-622AAA5BE98A-273x300.jpg 273w, https:\/\/www.transformation.ca\/notes\/wp-content\/uploads\/59BFB2E2-88DF-4402-A3AD-622AAA5BE98A.jpeg 350w\" sizes=\"auto, (max-width: 273px) 100vw, 273px\" \/>Porter une grande casserole d\u2019eau l\u00e9g\u00e8rement sal\u00e9e \u00e0 \u00e9bullition et y plonger les choux de Bruxelles; cuire 2 minutes puis transf\u00e9rer imm\u00e9diatement dans un bol d\u2019eau froide pour en stopper la cuisson. \u00c9goutter.<\/p>\n<p>Chauffer l\u2019huile d\u2019olive dans une po\u00eale \u00e0 feu moyen; cuire l\u2019oignon et l\u2019ail jusqu\u2019\u00e0 tendret\u00e9, 5-10 minutes. Ajouter les choux de Bruxelles et cuire en remuant jusqu\u2019\u00e0 tendret\u00e9 de ceux-ci, environ 8-10 minutes.<\/p>\n<p>Fouetter le vinaigre balsamique avec le beurre, le sel, le poivre et la poudre d\u2019ail et ajouter \u00e0 la po\u00eale; r\u00e9chauffer.<\/p>\n<p>&nbsp;<\/p>\n<hr \/>\n<p>&nbsp;<\/p>\n","protected":false},"excerpt":{"rendered":"<p>Ingr\u00e9dients\u00a0\u00a0Portions: 6\u00a0 1 \u00bd lb de choux de Bruxelles, par\u00e9s 2 c. \u00e0 soupe d\u2019huile d\u2019olive 1 oignon, tranch\u00e9 finement 2 gousses d\u2019ail hach\u00e9es 1\/4 tasse de vinaigre balsamique 2 c. \u00e0 soupe beurre 1 c. \u00e0 th\u00e9 de sel 1\/2 c. \u00e0 th\u00e9 de poivre noir moulu 1\/2 c. \u00e0 th\u00e9 de poudre d\u2019ail [&hellip;]<\/p>\n","protected":false},"author":1,"featured_media":0,"parent":0,"menu_order":0,"comment_status":"closed","ping_status":"closed","template":"","meta":{"footnotes":""},"class_list":["post-1062","page","type-page","status-publish","hentry"],"_links":{"self":[{"href":"https:\/\/www.transformation.ca\/notes\/wp-json\/wp\/v2\/pages\/1062","targetHints":{"allow":["GET"]}}],"collection":[{"href":"https:\/\/www.transformation.ca\/notes\/wp-json\/wp\/v2\/pages"}],"about":[{"href":"https:\/\/www.transformation.ca\/notes\/wp-json\/wp\/v2\/types\/page"}],"author":[{"embeddable":true,"href":"https:\/\/www.transformation.ca\/notes\/wp-json\/wp\/v2\/users\/1"}],"replies":[{"embeddable":true,"href":"https:\/\/www.transformation.ca\/notes\/wp-json\/wp\/v2\/comments?post=1062"}],"version-history":[{"count":3,"href":"https:\/\/www.transformation.ca\/notes\/wp-json\/wp\/v2\/pages\/1062\/revisions"}],"predecessor-version":[{"id":1159,"href":"https:\/\/www.transformation.ca\/notes\/wp-json\/wp\/v2\/pages\/1062\/revisions\/1159"}],"wp:attachment":[{"href":"https:\/\/www.transformation.ca\/notes\/wp-json\/wp\/v2\/media?parent=1062"}],"curies":[{"name":"wp","href":"https:\/\/api.w.org\/{rel}","templated":true}]}}